{"id":18292,"date":"2023-06-12T08:39:43","date_gmt":"2023-06-12T08:39:43","guid":{"rendered":"https:\/\/365-housse.com\/products\/housse-fauteuil-gris-fonce\/"},"modified":"2024-09-17T14:55:59","modified_gmt":"2024-09-17T14:55:59","slug":"housse-fauteuil-gris-fonce","status":"publish","type":"product","link":"https:\/\/365-housse.com\/es\/productos\/housse-fauteuil-gris-fonce\/","title":{"rendered":"Funda de sill\u00f3n gris oscuro"},"content":{"rendered":"<h2>Dale un <strong>aspecto sofisticado<\/strong> a tu sal\u00f3n en un abrir y cerrar de ojos con nuestra <strong>funda para sill\u00f3n gris oscuro<\/strong>. Un color que te ofrecer\u00e1 una decoraci\u00f3n sencilla y elegante.<\/h2>\n<h3>Las ventajas de la<span> <\/span><strong>funda sill\u00f3n gris oscuro<\/strong><span> <\/span>: <\/h3>\n<ul>\n<li>\n<p>A\u00f1ade un toque de <strong>clase<\/strong><span> <\/span>y <strong>calidez<\/strong><span> <\/span>a tu interior<\/p>\n<\/li>\n<li>\n<p>Ideal para aportar un nuevo estilo o darle nueva vida a un espacio<\/p>\n<\/li>\n<li>\n<p>Te ofrece una <strong>protecci\u00f3n \u00f3ptima<\/strong><span> <\/span>contra el polvo y las manchas<\/p>\n<\/li>\n<li>\n<p>Fabricado con <strong>tejido de calidad<\/strong><\/p>\n<\/li>\n<li>F\u00e1cil de instalar y quitar<\/li>\n<\/ul>\n<p><strong>Caracter\u00edsticas:<\/strong><\/p>\n<ul>\n<li>\n<p>Material: Poli\u00e9ster y spandex (material el\u00e1stico)<\/p>\n<\/li>\n<li>\n<p>Tejido de primera calidad que protege tu silla<\/p>\n<\/li>\n<li>\n<p>T\u00e9cnica de impresi\u00f3n<span> <\/span><strong>ultramoderna<\/strong><span> <\/span>para una mayor resistencia del color a la luz y a los lavados<\/p>\n<\/li>\n<li>\n<p>Lavar a m\u00e1quina (sin planchar y de secado r\u00e1pido)<\/p>\n<\/li>\n<li>Multiusos: sal\u00f3n, sal\u00f3n, despacho, dormitorio,&#8230;<\/li>\n<\/ul>\n<p><strong>Tabla de tallas: <\/strong><\/p>\n<p><img fetchpriority=\"high\" decoding=\"async\" alt=\"guide-taille-housse-armchair\" height=\"293\" src=\"https:\/\/365-housse.com\/wp-content\/uploads\/2023\/06\/guide-taille-housse- armchair_480x480.png?v=1626442229\" style=\"margin-left: auto;margin-right: auto\" width=\"343\" \/><\/p>\n<p>Nuestras fundas se adaptan a todo tipo de sillones:<\/p>\n<p><img decoding=\"async\" alt=\"\" src=\"https:\/\/365-housse.com\/wp-content\/uploads\/2023\/06\/housse-fauteuil_480x480.jpg?v=1626442288\" style=\"margin-left: auto\" \/><\/p>\n","protected":false},"excerpt":{"rendered":"<p>Dale un aspecto sofisticado a tu sal\u00f3n en un abrir y cerrar de ojos con nuestra funda para sill\u00f3n gris oscuro. Un color que te ofrecer\u00e1 una decoraci\u00f3n sencilla y elegante. Las ventajas de la funda sill\u00f3n gris oscuro : A\u00f1ade un toque de clase y calidez a tu interior Ideal para aportar un nuevo [&hellip;]<\/p>\n","protected":false},"featured_media":16957,"comment_status":"open","ping_status":"closed","template":"","meta":[],"product_cat":[159,161],"product_tag":[200],"class_list":{"0":"post-18292","1":"product","2":"type-product","3":"status-publish","4":"has-post-thumbnail","6":"product_cat-funda-de-sillon","7":"product_cat-portada-interior","8":"product_tag-fauteuil-es","10":"first","11":"instock","12":"shipping-taxable","13":"purchasable","14":"product-type-simple"},"yoast_head":"<title>Funda de sill\u00f3n gris oscuro en entrega - gratis Ahorra un 30% en tu pedido<\/title>\n<meta name=\"description\" content=\"Recibe tu Funda de sill\u00f3n gris oscuro hoy y benef\u00edciate de la entrega - gratuita Env\u00edo en 24\/48h\" \/>\n<meta name=\"robots\" content=\"index, follow, max-snippet:-1, max-image-preview:large, max-video-preview:-1\" \/>\n<link rel=\"canonical\" href=\"https:\/\/365-housse.com\/es\/productos\/housse-fauteuil-gris-fonce\/\" \/>\n<meta property=\"og:locale\" content=\"es_ES\" \/>\n<meta property=\"og:type\" content=\"article\" \/>\n<meta property=\"og:title\" content=\"Funda de sill\u00f3n gris oscuro en entrega - gratis Ahorra un 30% en tu pedido\" \/>\n<meta property=\"og:description\" content=\"Recibe tu Funda de sill\u00f3n gris oscuro hoy y benef\u00edciate de la entrega - gratuita Env\u00edo en 24\/48h\" \/>\n<meta property=\"og:url\" content=\"https:\/\/365-housse.com\/es\/productos\/housse-fauteuil-gris-fonce\/\" \/>\n<meta property=\"og:site_name\" content=\"Housse de Canap\u00e9\" \/>\n<meta property=\"article:modified_time\" content=\"2024-09-17T14:55:59+00:00\" \/>\n<meta property=\"og:image\" content=\"https:\/\/365-housse.com\/wp-content\/uploads\/2023\/06\/housse-fauteuil-gris-fonce.png\" \/>\n\t<meta property=\"og:image:width\" content=\"504\" \/>\n\t<meta property=\"og:image:height\" content=\"495\" \/>\n\t<meta property=\"og:image:type\" content=\"image\/png\" \/>\n<meta name=\"twitter:card\" content=\"summary_large_image\" \/>\n<meta name=\"twitter:label1\" content=\"Tiempo de lectura\" \/>\n\t<meta name=\"twitter:data1\" content=\"1 minuto\" \/>\n<script type=\"application\/ld+json\" class=\"yoast-schema-graph\">{\"@context\":\"https:\/\/schema.org\",\"@graph\":[{\"@type\":\"WebPage\",\"@id\":\"https:\/\/365-housse.com\/es\/productos\/housse-fauteuil-gris-fonce\/\",\"url\":\"https:\/\/365-housse.com\/es\/productos\/housse-fauteuil-gris-fonce\/\",\"name\":\"Funda de sill\u00f3n gris oscuro en entrega - gratis Ahorra un 30% en tu pedido\",\"isPartOf\":{\"@id\":\"https:\/\/365-housse.com\/es\/#website\"},\"primaryImageOfPage\":{\"@id\":\"https:\/\/365-housse.com\/es\/productos\/housse-fauteuil-gris-fonce\/#primaryimage\"},\"image\":{\"@id\":\"https:\/\/365-housse.com\/es\/productos\/housse-fauteuil-gris-fonce\/#primaryimage\"},\"thumbnailUrl\":\"https:\/\/365-housse.com\/wp-content\/uploads\/2023\/06\/housse-fauteuil-gris-fonce.png\",\"datePublished\":\"2023-06-12T08:39:43+00:00\",\"dateModified\":\"2024-09-17T14:55:59+00:00\",\"description\":\"Recibe tu Funda de sill\u00f3n gris oscuro hoy y benef\u00edciate de la entrega - gratuita Env\u00edo en 24\/48h\",\"breadcrumb\":{\"@id\":\"https:\/\/365-housse.com\/es\/productos\/housse-fauteuil-gris-fonce\/#breadcrumb\"},\"inLanguage\":\"es\",\"potentialAction\":[{\"@type\":\"ReadAction\",\"target\":[\"https:\/\/365-housse.com\/es\/productos\/housse-fauteuil-gris-fonce\/\"]}]},{\"@type\":\"ImageObject\",\"inLanguage\":\"es\",\"@id\":\"https:\/\/365-housse.com\/es\/productos\/housse-fauteuil-gris-fonce\/#primaryimage\",\"url\":\"https:\/\/365-housse.com\/wp-content\/uploads\/2023\/06\/housse-fauteuil-gris-fonce.png\",\"contentUrl\":\"https:\/\/365-housse.com\/wp-content\/uploads\/2023\/06\/housse-fauteuil-gris-fonce.png\",\"width\":504,\"height\":495},{\"@type\":\"BreadcrumbList\",\"@id\":\"https:\/\/365-housse.com\/es\/productos\/housse-fauteuil-gris-fonce\/#breadcrumb\",\"itemListElement\":[{\"@type\":\"ListItem\",\"position\":1,\"name\":\"Accueil\",\"item\":\"https:\/\/365-housse.com\/es\/\"},{\"@type\":\"ListItem\",\"position\":2,\"name\":\"Tienda\",\"item\":\"https:\/\/365-housse.com\/es\/tienda\/\"},{\"@type\":\"ListItem\",\"position\":3,\"name\":\"Funda de sill\u00f3n gris oscuro\"}]},{\"@type\":\"WebSite\",\"@id\":\"https:\/\/365-housse.com\/es\/#website\",\"url\":\"https:\/\/365-housse.com\/es\/\",\"name\":\"Housse de Canap\u00e9\",\"description\":\"Le N\u00b01 de la Housse\",\"publisher\":{\"@id\":\"https:\/\/365-housse.com\/es\/#organization\"},\"potentialAction\":[{\"@type\":\"SearchAction\",\"target\":{\"@type\":\"EntryPoint\",\"urlTemplate\":\"https:\/\/365-housse.com\/es\/?s={search_term_string}\"},\"query-input\":{\"@type\":\"PropertyValueSpecification\",\"valueRequired\":true,\"valueName\":\"search_term_string\"}}],\"inLanguage\":\"es\"},{\"@type\":\"Organization\",\"@id\":\"https:\/\/365-housse.com\/es\/#organization\",\"name\":\"Housse de Canap\u00e9\",\"url\":\"https:\/\/365-housse.com\/es\/\",\"logo\":{\"@type\":\"ImageObject\",\"inLanguage\":\"es\",\"@id\":\"https:\/\/365-housse.com\/es\/#\/schema\/logo\/image\/\",\"url\":\"https:\/\/365-housse.com\/wp-content\/uploads\/2023\/06\/LOGO-400-\u00d7-200-px-392-x-134-px-16.png\",\"contentUrl\":\"https:\/\/365-housse.com\/wp-content\/uploads\/2023\/06\/LOGO-400-\u00d7-200-px-392-x-134-px-16.png\",\"width\":392,\"height\":134,\"caption\":\"Housse de Canap\u00e9\"},\"image\":{\"@id\":\"https:\/\/365-housse.com\/es\/#\/schema\/logo\/image\/\"}}]}<\/script>","yoast_head_json":{"title":"Funda de sill\u00f3n gris oscuro en entrega - gratis Ahorra un 30% en tu pedido","description":"Recibe tu Funda de sill\u00f3n gris oscuro hoy y benef\u00edciate de la entrega - gratuita Env\u00edo en 24\/48h","robots":{"index":"index","follow":"follow","max-snippet":"max-snippet:-1","max-image-preview":"max-image-preview:large","max-video-preview":"max-video-preview:-1"},"canonical":"https:\/\/365-housse.com\/es\/productos\/housse-fauteuil-gris-fonce\/","og_locale":"es_ES","og_type":"article","og_title":"Funda de sill\u00f3n gris oscuro en entrega - gratis Ahorra un 30% en tu pedido","og_description":"Recibe tu Funda de sill\u00f3n gris oscuro hoy y benef\u00edciate de la entrega - gratuita Env\u00edo en 24\/48h","og_url":"https:\/\/365-housse.com\/es\/productos\/housse-fauteuil-gris-fonce\/","og_site_name":"Housse de Canap\u00e9","article_modified_time":"2024-09-17T14:55:59+00:00","og_image":[{"width":504,"height":495,"url":"https:\/\/365-housse.com\/wp-content\/uploads\/2023\/06\/housse-fauteuil-gris-fonce.png","type":"image\/png"}],"twitter_card":"summary_large_image","twitter_misc":{"Tiempo de lectura":"1 minuto"},"schema":{"@context":"https:\/\/schema.org","@graph":[{"@type":"WebPage","@id":"https:\/\/365-housse.com\/es\/productos\/housse-fauteuil-gris-fonce\/","url":"https:\/\/365-housse.com\/es\/productos\/housse-fauteuil-gris-fonce\/","name":"Funda de sill\u00f3n gris oscuro en entrega - gratis Ahorra un 30% en tu pedido","isPartOf":{"@id":"https:\/\/365-housse.com\/es\/#website"},"primaryImageOfPage":{"@id":"https:\/\/365-housse.com\/es\/productos\/housse-fauteuil-gris-fonce\/#primaryimage"},"image":{"@id":"https:\/\/365-housse.com\/es\/productos\/housse-fauteuil-gris-fonce\/#primaryimage"},"thumbnailUrl":"https:\/\/365-housse.com\/wp-content\/uploads\/2023\/06\/housse-fauteuil-gris-fonce.png","datePublished":"2023-06-12T08:39:43+00:00","dateModified":"2024-09-17T14:55:59+00:00","description":"Recibe tu Funda de sill\u00f3n gris oscuro hoy y benef\u00edciate de la entrega - gratuita Env\u00edo en 24\/48h","breadcrumb":{"@id":"https:\/\/365-housse.com\/es\/productos\/housse-fauteuil-gris-fonce\/#breadcrumb"},"inLanguage":"es","potentialAction":[{"@type":"ReadAction","target":["https:\/\/365-housse.com\/es\/productos\/housse-fauteuil-gris-fonce\/"]}]},{"@type":"ImageObject","inLanguage":"es","@id":"https:\/\/365-housse.com\/es\/productos\/housse-fauteuil-gris-fonce\/#primaryimage","url":"https:\/\/365-housse.com\/wp-content\/uploads\/2023\/06\/housse-fauteuil-gris-fonce.png","contentUrl":"https:\/\/365-housse.com\/wp-content\/uploads\/2023\/06\/housse-fauteuil-gris-fonce.png","width":504,"height":495},{"@type":"BreadcrumbList","@id":"https:\/\/365-housse.com\/es\/productos\/housse-fauteuil-gris-fonce\/#breadcrumb","itemListElement":[{"@type":"ListItem","position":1,"name":"Accueil","item":"https:\/\/365-housse.com\/es\/"},{"@type":"ListItem","position":2,"name":"Tienda","item":"https:\/\/365-housse.com\/es\/tienda\/"},{"@type":"ListItem","position":3,"name":"Funda de sill\u00f3n gris oscuro"}]},{"@type":"WebSite","@id":"https:\/\/365-housse.com\/es\/#website","url":"https:\/\/365-housse.com\/es\/","name":"Housse de Canap\u00e9","description":"Le N\u00b01 de la Housse","publisher":{"@id":"https:\/\/365-housse.com\/es\/#organization"},"potentialAction":[{"@type":"SearchAction","target":{"@type":"EntryPoint","urlTemplate":"https:\/\/365-housse.com\/es\/?s={search_term_string}"},"query-input":{"@type":"PropertyValueSpecification","valueRequired":true,"valueName":"search_term_string"}}],"inLanguage":"es"},{"@type":"Organization","@id":"https:\/\/365-housse.com\/es\/#organization","name":"Housse de Canap\u00e9","url":"https:\/\/365-housse.com\/es\/","logo":{"@type":"ImageObject","inLanguage":"es","@id":"https:\/\/365-housse.com\/es\/#\/schema\/logo\/image\/","url":"https:\/\/365-housse.com\/wp-content\/uploads\/2023\/06\/LOGO-400-\u00d7-200-px-392-x-134-px-16.png","contentUrl":"https:\/\/365-housse.com\/wp-content\/uploads\/2023\/06\/LOGO-400-\u00d7-200-px-392-x-134-px-16.png","width":392,"height":134,"caption":"Housse de Canap\u00e9"},"image":{"@id":"https:\/\/365-housse.com\/es\/#\/schema\/logo\/image\/"}}]}},"_links":{"self":[{"href":"https:\/\/365-housse.com\/es\/wp-json\/wp\/v2\/product\/18292"}],"collection":[{"href":"https:\/\/365-housse.com\/es\/wp-json\/wp\/v2\/product"}],"about":[{"href":"https:\/\/365-housse.com\/es\/wp-json\/wp\/v2\/types\/product"}],"replies":[{"embeddable":true,"href":"https:\/\/365-housse.com\/es\/wp-json\/wp\/v2\/comments?post=18292"}],"wp:featuredmedia":[{"embeddable":true,"href":"https:\/\/365-housse.com\/es\/wp-json\/wp\/v2\/media\/16957"}],"wp:attachment":[{"href":"https:\/\/365-housse.com\/es\/wp-json\/wp\/v2\/media?parent=18292"}],"wp:term":[{"taxonomy":"product_cat","embeddable":true,"href":"https:\/\/365-housse.com\/es\/wp-json\/wp\/v2\/product_cat?post=18292"},{"taxonomy":"product_tag","embeddable":true,"href":"https:\/\/365-housse.com\/es\/wp-json\/wp\/v2\/product_tag?post=18292"}],"curies":[{"name":"wp","href":"https:\/\/api.w.org\/{rel}","templated":true}]}}

Funda de sillón gris oscuro

<h2>Dale un <strong>aspecto sofisticado</strong> a tu salón en un abrir y cerrar de ojos con nuestra <strong>funda para sillón gris oscuro</strong>. Un color que te ofrecerá una decoración sencilla y elegante.</h2>
<h3>Las ventajas de la<span> </span><strong>funda sillón gris oscuro</strong><span> </span>: </h3>
<ul>
<li>
<p>Añade un toque de <strong>clase</strong><span> </span>y <strong>calidez</strong><span> </span>a tu interior</p>
</li>
<li>
<p>Ideal para aportar un nuevo estilo o darle nueva vida a un espacio</p>
</li>
<li>
<p>Te ofrece una <strong>protección óptima</strong><span> </span>contra el polvo y las manchas</p>
</li>
<li>
<p>Fabricado con <strong>tejido de calidad</strong></p>
</li>
<li>Fácil de instalar y quitar</li>
</ul>
<p><strong>Características:</strong></p>
<ul>
<li>
<p>Material: Poliéster y spandex (material elástico)</p>
</li>
<li>
<p>Tejido de primera calidad que protege tu silla</p>
</li>
<li>
<p>Técnica de impresión<span> </span><strong>ultramoderna</strong><span> </span>para una mayor resistencia del color a la luz y a los lavados</p>
</li>
<li>
<p>Lavar a máquina (sin planchar y de secado rápido)</p>
</li>
<li>Multiusos: salón, salón, despacho, dormitorio,&#8230;</li>
</ul>
<p><strong>Tabla de tallas: </strong></p>
<p><img fetchpriority="high" decoding="async" alt="guide-taille-housse-armchair" height="293" src="https://365-housse.com/wp-content/uploads/2023/06/guide-taille-housse- armchair_480x480.png?v=1626442229" style="margin-left: auto;margin-right: auto" width="343" /></p>
<p>Nuestras fundas se adaptan a todo tipo de sillones:</p>
<p><img decoding="async" alt="" src="https://365-housse.com/wp-content/uploads/2023/06/housse-fauteuil_480x480.jpg?v=1626442288" style="margin-left: auto" /></p>

<p>Dale un aspecto sofisticado a tu salón en un abrir y cerrar de ojos con nuestra funda para sillón gris oscuro. Un color que te ofrecerá una decoración sencilla y elegante. Las ventajas de la funda sillón gris oscuro : Añade un toque de clase y calidez a tu interior Ideal para aportar un nuevo [&hellip;]</p>

<title>Funda de sillón gris oscuro en entrega - gratis Ahorra un 30% en tu pedido</title>
<meta name="description" content="Recibe tu Funda de sillón gris oscuro hoy y benefíciate de la entrega - gratuita Envío en 24/48h" />
<meta name="robots" content="index, follow, max-snippet:-1, max-image-preview:large, max-video-preview:-1" />
<link rel="canonical" href="https://365-housse.com/es/productos/housse-fauteuil-gris-fonce/" />
<meta property="og:locale" content="es_ES" />
<meta property="og:type" content="article" />
<meta property="og:title" content="Funda de sillón gris oscuro en entrega - gratis Ahorra un 30% en tu pedido" />
<meta property="og:description" content="Recibe tu Funda de sillón gris oscuro hoy y benefíciate de la entrega - gratuita Envío en 24/48h" />
<meta property="og:url" content="https://365-housse.com/es/productos/housse-fauteuil-gris-fonce/" />
<meta property="og:site_name" content="Housse de Canapé" />
<meta property="article:modified_time" content="2024-09-17T14:55:59+00:00" />
<meta property="og:image" content="https://365-housse.com/wp-content/uploads/2023/06/housse-fauteuil-gris-fonce.png" />
	<meta property="og:image:width" content="504" />
	<meta property="og:image:height" content="495" />
	<meta property="og:image:type" content="image/png" />
<meta name="twitter:card" content="summary_large_image" />
<meta name="twitter:label1" content="Tiempo de lectura" />
	<meta name="twitter:data1" content="1 minuto" />
<script type="application/ld+json" class="yoast-schema-graph">{"@context":"https://schema.org","@graph":[{"@type":"WebPage","@id":"https://365-housse.com/es/productos/housse-fauteuil-gris-fonce/","url":"https://365-housse.com/es/productos/housse-fauteuil-gris-fonce/","name":"Funda de sillón gris oscuro en entrega - gratis Ahorra un 30% en tu pedido","isPartOf":{"@id":"https://365-housse.com/es/#website"},"primaryImageOfPage":{"@id":"https://365-housse.com/es/productos/housse-fauteuil-gris-fonce/#primaryimage"},"image":{"@id":"https://365-housse.com/es/productos/housse-fauteuil-gris-fonce/#primaryimage"},"thumbnailUrl":"https://365-housse.com/wp-content/uploads/2023/06/housse-fauteuil-gris-fonce.png","datePublished":"2023-06-12T08:39:43+00:00","dateModified":"2024-09-17T14:55:59+00:00","description":"Recibe tu Funda de sillón gris oscuro hoy y benefíciate de la entrega - gratuita Envío en 24/48h","breadcrumb":{"@id":"https://365-housse.com/es/productos/housse-fauteuil-gris-fonce/#breadcrumb"},"inLanguage":"es","potentialAction":[{"@type":"ReadAction","target":["https://365-housse.com/es/productos/housse-fauteuil-gris-fonce/"]}]},{"@type":"ImageObject","inLanguage":"es","@id":"https://365-housse.com/es/productos/housse-fauteuil-gris-fonce/#primaryimage","url":"https://365-housse.com/wp-content/uploads/2023/06/housse-fauteuil-gris-fonce.png","contentUrl":"https://365-housse.com/wp-content/uploads/2023/06/housse-fauteuil-gris-fonce.png","width":504,"height":495},{"@type":"BreadcrumbList","@id":"https://365-housse.com/es/productos/housse-fauteuil-gris-fonce/#breadcrumb","itemListElement":[{"@type":"ListItem","position":1,"name":"Accueil","item":"https://365-housse.com/es/"},{"@type":"ListItem","position":2,"name":"Tienda","item":"https://365-housse.com/es/tienda/"},{"@type":"ListItem","position":3,"name":"Funda de sillón gris oscuro"}]},{"@type":"WebSite","@id":"https://365-housse.com/es/#website","url":"https://365-housse.com/es/","name":"Housse de Canapé","description":"Le N°1 de la Housse","publisher":{"@id":"https://365-housse.com/es/#organization"},"potentialAction":[{"@type":"SearchAction","target":{"@type":"EntryPoint","urlTemplate":"https://365-housse.com/es/?s={search_term_string}"},"query-input":{"@type":"PropertyValueSpecification","valueRequired":true,"valueName":"search_term_string"}}],"inLanguage":"es"},{"@type":"Organization","@id":"https://365-housse.com/es/#organization","name":"Housse de Canapé","url":"https://365-housse.com/es/","logo":{"@type":"ImageObject","inLanguage":"es","@id":"https://365-housse.com/es/#/schema/logo/image/","url":"https://365-housse.com/wp-content/uploads/2023/06/LOGO-400-×-200-px-392-x-134-px-16.png","contentUrl":"https://365-housse.com/wp-content/uploads/2023/06/LOGO-400-×-200-px-392-x-134-px-16.png","width":392,"height":134,"caption":"Housse de Canapé"},"image":{"@id":"https://365-housse.com/es/#/schema/logo/image/"}}]}</script>

Funda de sillón gris oscuro en entrega - gratis Ahorra un 30% en tu pedido

Recibe tu Funda de sillón gris oscuro hoy y benefíciate de la entrega - gratuita Envío en 24/48h

Housse de Canapé
