{"id":18447,"date":"2023-06-12T08:36:44","date_gmt":"2023-06-12T08:36:44","guid":{"rendered":"https:\/\/365-housse.com\/products\/housse-salon-de-jardin-grise\/"},"modified":"2024-09-17T14:56:53","modified_gmt":"2024-09-17T14:56:53","slug":"housse-salon-de-jardin-grise","status":"publish","type":"product","link":"https:\/\/365-housse.com\/es\/productos\/housse-salon-de-jardin-grise\/","title":{"rendered":"Funda para muebles de jard\u00edn gris"},"content":{"rendered":"<h2>\u00a1A\u00f1ade un toque de color a tus muebles de exterior y prot\u00e9gelos al mismo tiempo optando por la <strong>Funda para muebles de jard\u00edn gris<\/strong>!<\/h2>\n<p><strong>Ventajas:<\/strong><\/p>\n<ul>\n<li>Protecci\u00f3n \u00f3ptima contra la intemperie durante el uso<\/li>\n<li>Estilo \u00fanico para el espacio de tu jard\u00edn<\/li>\n<li>Tela de alta calidad preservando la calidad de tus muebles de jard\u00edn<\/li>\n<li>F\u00e1cil de instalar y quitar<\/li>\n<li>Alarga la vida de tus muebles de jard\u00edn<\/li>\n<\/ul>\n<p><strong>Caracter\u00edsticas:<\/strong><\/p>\n<ul>\n<li>Material: tela Oxford 210T y revestimiento plateado<\/li>\n<li>Impermeable, anti ultravioleta y disipaci\u00f3n de calor<\/li>\n<li>Cord\u00f3n ajustable<\/li>\n<li>Doble costura s\u00f3lida<\/li>\n<li>Diferentes tama\u00f1os disponibles<\/li>\n<\/ul>\n<h3>NOTA: \u00a1La <strong>funda gris para muebles de jard\u00edn<\/strong> es respetuosa con el medio ambiente!<\/h3>\n","protected":false},"excerpt":{"rendered":"<p>\u00a1A\u00f1ade un toque de color a tus muebles de exterior y prot\u00e9gelos al mismo tiempo optando por la Funda para muebles de jard\u00edn gris! Ventajas: Protecci\u00f3n \u00f3ptima contra la intemperie durante el uso Estilo \u00fanico para el espacio de tu jard\u00edn Tela de alta calidad preservando la calidad de tus muebles de jard\u00edn F\u00e1cil de [&hellip;]<\/p>\n","protected":false},"featured_media":16864,"comment_status":"open","ping_status":"closed","template":"","meta":[],"product_cat":[158,169],"product_tag":[202],"class_list":{"0":"post-18447","1":"product","2":"type-product","3":"status-publish","4":"has-post-thumbnail","6":"product_cat-cubierta-exterior","7":"product_cat-funda-para-muebles-de-jardin","8":"product_tag-jardin-es","10":"first","11":"instock","12":"shipping-taxable","13":"purchasable","14":"product-type-variable"},"yoast_head":"<title>Funda para muebles de jard\u00edn gris en entrega - gratis Ahorra un 30% en tu pedido<\/title>\n<meta name=\"description\" content=\"Recibe tu Funda para muebles de jard\u00edn gris hoy y benef\u00edciate de la entrega - gratuita Env\u00edo en 24\/48h\" \/>\n<meta name=\"robots\" content=\"index, follow, max-snippet:-1, max-image-preview:large, max-video-preview:-1\" \/>\n<link rel=\"canonical\" href=\"https:\/\/365-housse.com\/es\/productos\/housse-salon-de-jardin-grise\/\" \/>\n<meta property=\"og:locale\" content=\"es_ES\" \/>\n<meta property=\"og:type\" content=\"article\" \/>\n<meta property=\"og:title\" content=\"Funda para muebles de jard\u00edn gris en entrega - gratis Ahorra un 30% en tu pedido\" \/>\n<meta property=\"og:description\" content=\"Recibe tu Funda para muebles de jard\u00edn gris hoy y benef\u00edciate de la entrega - gratuita Env\u00edo en 24\/48h\" \/>\n<meta property=\"og:url\" content=\"https:\/\/365-housse.com\/es\/productos\/housse-salon-de-jardin-grise\/\" \/>\n<meta property=\"og:site_name\" content=\"Housse de Canap\u00e9\" \/>\n<meta property=\"article:modified_time\" content=\"2024-09-17T14:56:53+00:00\" \/>\n<meta property=\"og:image\" content=\"https:\/\/365-housse.com\/wp-content\/uploads\/2023\/06\/housse-salon-de-jardin-grise.png\" \/>\n\t<meta property=\"og:image:width\" content=\"450\" \/>\n\t<meta property=\"og:image:height\" content=\"413\" \/>\n\t<meta property=\"og:image:type\" content=\"image\/png\" \/>\n<meta name=\"twitter:card\" content=\"summary_large_image\" \/>\n<meta name=\"twitter:label1\" content=\"Tiempo de lectura\" \/>\n\t<meta name=\"twitter:data1\" content=\"1 minuto\" \/>\n<script type=\"application\/ld+json\" class=\"yoast-schema-graph\">{\"@context\":\"https:\/\/schema.org\",\"@graph\":[{\"@type\":\"WebPage\",\"@id\":\"https:\/\/365-housse.com\/es\/productos\/housse-salon-de-jardin-grise\/\",\"url\":\"https:\/\/365-housse.com\/es\/productos\/housse-salon-de-jardin-grise\/\",\"name\":\"Funda para muebles de jard\u00edn gris en entrega - gratis Ahorra un 30% en tu pedido\",\"isPartOf\":{\"@id\":\"https:\/\/365-housse.com\/es\/#website\"},\"primaryImageOfPage\":{\"@id\":\"https:\/\/365-housse.com\/es\/productos\/housse-salon-de-jardin-grise\/#primaryimage\"},\"image\":{\"@id\":\"https:\/\/365-housse.com\/es\/productos\/housse-salon-de-jardin-grise\/#primaryimage\"},\"thumbnailUrl\":\"https:\/\/365-housse.com\/wp-content\/uploads\/2023\/06\/housse-salon-de-jardin-grise.png\",\"datePublished\":\"2023-06-12T08:36:44+00:00\",\"dateModified\":\"2024-09-17T14:56:53+00:00\",\"description\":\"Recibe tu Funda para muebles de jard\u00edn gris hoy y benef\u00edciate de la entrega - gratuita Env\u00edo en 24\/48h\",\"breadcrumb\":{\"@id\":\"https:\/\/365-housse.com\/es\/productos\/housse-salon-de-jardin-grise\/#breadcrumb\"},\"inLanguage\":\"es\",\"potentialAction\":[{\"@type\":\"ReadAction\",\"target\":[\"https:\/\/365-housse.com\/es\/productos\/housse-salon-de-jardin-grise\/\"]}]},{\"@type\":\"ImageObject\",\"inLanguage\":\"es\",\"@id\":\"https:\/\/365-housse.com\/es\/productos\/housse-salon-de-jardin-grise\/#primaryimage\",\"url\":\"https:\/\/365-housse.com\/wp-content\/uploads\/2023\/06\/housse-salon-de-jardin-grise.png\",\"contentUrl\":\"https:\/\/365-housse.com\/wp-content\/uploads\/2023\/06\/housse-salon-de-jardin-grise.png\",\"width\":450,\"height\":413},{\"@type\":\"BreadcrumbList\",\"@id\":\"https:\/\/365-housse.com\/es\/productos\/housse-salon-de-jardin-grise\/#breadcrumb\",\"itemListElement\":[{\"@type\":\"ListItem\",\"position\":1,\"name\":\"Accueil\",\"item\":\"https:\/\/365-housse.com\/es\/\"},{\"@type\":\"ListItem\",\"position\":2,\"name\":\"Tienda\",\"item\":\"https:\/\/365-housse.com\/es\/tienda\/\"},{\"@type\":\"ListItem\",\"position\":3,\"name\":\"Funda para muebles de jard\u00edn gris\"}]},{\"@type\":\"WebSite\",\"@id\":\"https:\/\/365-housse.com\/es\/#website\",\"url\":\"https:\/\/365-housse.com\/es\/\",\"name\":\"Housse de Canap\u00e9\",\"description\":\"Le N\u00b01 de la Housse\",\"publisher\":{\"@id\":\"https:\/\/365-housse.com\/es\/#organization\"},\"potentialAction\":[{\"@type\":\"SearchAction\",\"target\":{\"@type\":\"EntryPoint\",\"urlTemplate\":\"https:\/\/365-housse.com\/es\/?s={search_term_string}\"},\"query-input\":{\"@type\":\"PropertyValueSpecification\",\"valueRequired\":true,\"valueName\":\"search_term_string\"}}],\"inLanguage\":\"es\"},{\"@type\":\"Organization\",\"@id\":\"https:\/\/365-housse.com\/es\/#organization\",\"name\":\"Housse de Canap\u00e9\",\"url\":\"https:\/\/365-housse.com\/es\/\",\"logo\":{\"@type\":\"ImageObject\",\"inLanguage\":\"es\",\"@id\":\"https:\/\/365-housse.com\/es\/#\/schema\/logo\/image\/\",\"url\":\"https:\/\/365-housse.com\/wp-content\/uploads\/2023\/06\/LOGO-400-\u00d7-200-px-392-x-134-px-16.png\",\"contentUrl\":\"https:\/\/365-housse.com\/wp-content\/uploads\/2023\/06\/LOGO-400-\u00d7-200-px-392-x-134-px-16.png\",\"width\":392,\"height\":134,\"caption\":\"Housse de Canap\u00e9\"},\"image\":{\"@id\":\"https:\/\/365-housse.com\/es\/#\/schema\/logo\/image\/\"}}]}<\/script>","yoast_head_json":{"title":"Funda para muebles de jard\u00edn gris en entrega - gratis Ahorra un 30% en tu pedido","description":"Recibe tu Funda para muebles de jard\u00edn gris hoy y benef\u00edciate de la entrega - gratuita Env\u00edo en 24\/48h","robots":{"index":"index","follow":"follow","max-snippet":"max-snippet:-1","max-image-preview":"max-image-preview:large","max-video-preview":"max-video-preview:-1"},"canonical":"https:\/\/365-housse.com\/es\/productos\/housse-salon-de-jardin-grise\/","og_locale":"es_ES","og_type":"article","og_title":"Funda para muebles de jard\u00edn gris en entrega - gratis Ahorra un 30% en tu pedido","og_description":"Recibe tu Funda para muebles de jard\u00edn gris hoy y benef\u00edciate de la entrega - gratuita Env\u00edo en 24\/48h","og_url":"https:\/\/365-housse.com\/es\/productos\/housse-salon-de-jardin-grise\/","og_site_name":"Housse de Canap\u00e9","article_modified_time":"2024-09-17T14:56:53+00:00","og_image":[{"width":450,"height":413,"url":"https:\/\/365-housse.com\/wp-content\/uploads\/2023\/06\/housse-salon-de-jardin-grise.png","type":"image\/png"}],"twitter_card":"summary_large_image","twitter_misc":{"Tiempo de lectura":"1 minuto"},"schema":{"@context":"https:\/\/schema.org","@graph":[{"@type":"WebPage","@id":"https:\/\/365-housse.com\/es\/productos\/housse-salon-de-jardin-grise\/","url":"https:\/\/365-housse.com\/es\/productos\/housse-salon-de-jardin-grise\/","name":"Funda para muebles de jard\u00edn gris en entrega - gratis Ahorra un 30% en tu pedido","isPartOf":{"@id":"https:\/\/365-housse.com\/es\/#website"},"primaryImageOfPage":{"@id":"https:\/\/365-housse.com\/es\/productos\/housse-salon-de-jardin-grise\/#primaryimage"},"image":{"@id":"https:\/\/365-housse.com\/es\/productos\/housse-salon-de-jardin-grise\/#primaryimage"},"thumbnailUrl":"https:\/\/365-housse.com\/wp-content\/uploads\/2023\/06\/housse-salon-de-jardin-grise.png","datePublished":"2023-06-12T08:36:44+00:00","dateModified":"2024-09-17T14:56:53+00:00","description":"Recibe tu Funda para muebles de jard\u00edn gris hoy y benef\u00edciate de la entrega - gratuita Env\u00edo en 24\/48h","breadcrumb":{"@id":"https:\/\/365-housse.com\/es\/productos\/housse-salon-de-jardin-grise\/#breadcrumb"},"inLanguage":"es","potentialAction":[{"@type":"ReadAction","target":["https:\/\/365-housse.com\/es\/productos\/housse-salon-de-jardin-grise\/"]}]},{"@type":"ImageObject","inLanguage":"es","@id":"https:\/\/365-housse.com\/es\/productos\/housse-salon-de-jardin-grise\/#primaryimage","url":"https:\/\/365-housse.com\/wp-content\/uploads\/2023\/06\/housse-salon-de-jardin-grise.png","contentUrl":"https:\/\/365-housse.com\/wp-content\/uploads\/2023\/06\/housse-salon-de-jardin-grise.png","width":450,"height":413},{"@type":"BreadcrumbList","@id":"https:\/\/365-housse.com\/es\/productos\/housse-salon-de-jardin-grise\/#breadcrumb","itemListElement":[{"@type":"ListItem","position":1,"name":"Accueil","item":"https:\/\/365-housse.com\/es\/"},{"@type":"ListItem","position":2,"name":"Tienda","item":"https:\/\/365-housse.com\/es\/tienda\/"},{"@type":"ListItem","position":3,"name":"Funda para muebles de jard\u00edn gris"}]},{"@type":"WebSite","@id":"https:\/\/365-housse.com\/es\/#website","url":"https:\/\/365-housse.com\/es\/","name":"Housse de Canap\u00e9","description":"Le N\u00b01 de la Housse","publisher":{"@id":"https:\/\/365-housse.com\/es\/#organization"},"potentialAction":[{"@type":"SearchAction","target":{"@type":"EntryPoint","urlTemplate":"https:\/\/365-housse.com\/es\/?s={search_term_string}"},"query-input":{"@type":"PropertyValueSpecification","valueRequired":true,"valueName":"search_term_string"}}],"inLanguage":"es"},{"@type":"Organization","@id":"https:\/\/365-housse.com\/es\/#organization","name":"Housse de Canap\u00e9","url":"https:\/\/365-housse.com\/es\/","logo":{"@type":"ImageObject","inLanguage":"es","@id":"https:\/\/365-housse.com\/es\/#\/schema\/logo\/image\/","url":"https:\/\/365-housse.com\/wp-content\/uploads\/2023\/06\/LOGO-400-\u00d7-200-px-392-x-134-px-16.png","contentUrl":"https:\/\/365-housse.com\/wp-content\/uploads\/2023\/06\/LOGO-400-\u00d7-200-px-392-x-134-px-16.png","width":392,"height":134,"caption":"Housse de Canap\u00e9"},"image":{"@id":"https:\/\/365-housse.com\/es\/#\/schema\/logo\/image\/"}}]}},"_links":{"self":[{"href":"https:\/\/365-housse.com\/es\/wp-json\/wp\/v2\/product\/18447"}],"collection":[{"href":"https:\/\/365-housse.com\/es\/wp-json\/wp\/v2\/product"}],"about":[{"href":"https:\/\/365-housse.com\/es\/wp-json\/wp\/v2\/types\/product"}],"replies":[{"embeddable":true,"href":"https:\/\/365-housse.com\/es\/wp-json\/wp\/v2\/comments?post=18447"}],"wp:featuredmedia":[{"embeddable":true,"href":"https:\/\/365-housse.com\/es\/wp-json\/wp\/v2\/media\/16864"}],"wp:attachment":[{"href":"https:\/\/365-housse.com\/es\/wp-json\/wp\/v2\/media?parent=18447"}],"wp:term":[{"taxonomy":"product_cat","embeddable":true,"href":"https:\/\/365-housse.com\/es\/wp-json\/wp\/v2\/product_cat?post=18447"},{"taxonomy":"product_tag","embeddable":true,"href":"https:\/\/365-housse.com\/es\/wp-json\/wp\/v2\/product_tag?post=18447"}],"curies":[{"name":"wp","href":"https:\/\/api.w.org\/{rel}","templated":true}]}}

Funda para muebles de jardín gris

<h2>¡Añade un toque de color a tus muebles de exterior y protégelos al mismo tiempo optando por la <strong>Funda para muebles de jardín gris</strong>!</h2>
<p><strong>Ventajas:</strong></p>
<ul>
<li>Protección óptima contra la intemperie durante el uso</li>
<li>Estilo único para el espacio de tu jardín</li>
<li>Tela de alta calidad preservando la calidad de tus muebles de jardín</li>
<li>Fácil de instalar y quitar</li>
<li>Alarga la vida de tus muebles de jardín</li>
</ul>
<p><strong>Características:</strong></p>
<ul>
<li>Material: tela Oxford 210T y revestimiento plateado</li>
<li>Impermeable, anti ultravioleta y disipación de calor</li>
<li>Cordón ajustable</li>
<li>Doble costura sólida</li>
<li>Diferentes tamaños disponibles</li>
</ul>
<h3>NOTA: ¡La <strong>funda gris para muebles de jardín</strong> es respetuosa con el medio ambiente!</h3>

<p>¡Añade un toque de color a tus muebles de exterior y protégelos al mismo tiempo optando por la Funda para muebles de jardín gris! Ventajas: Protección óptima contra la intemperie durante el uso Estilo único para el espacio de tu jardín Tela de alta calidad preservando la calidad de tus muebles de jardín Fácil de [&hellip;]</p>

<title>Funda para muebles de jardín gris en entrega - gratis Ahorra un 30% en tu pedido</title>
<meta name="description" content="Recibe tu Funda para muebles de jardín gris hoy y benefíciate de la entrega - gratuita Envío en 24/48h" />
<meta name="robots" content="index, follow, max-snippet:-1, max-image-preview:large, max-video-preview:-1" />
<link rel="canonical" href="https://365-housse.com/es/productos/housse-salon-de-jardin-grise/" />
<meta property="og:locale" content="es_ES" />
<meta property="og:type" content="article" />
<meta property="og:title" content="Funda para muebles de jardín gris en entrega - gratis Ahorra un 30% en tu pedido" />
<meta property="og:description" content="Recibe tu Funda para muebles de jardín gris hoy y benefíciate de la entrega - gratuita Envío en 24/48h" />
<meta property="og:url" content="https://365-housse.com/es/productos/housse-salon-de-jardin-grise/" />
<meta property="og:site_name" content="Housse de Canapé" />
<meta property="article:modified_time" content="2024-09-17T14:56:53+00:00" />
<meta property="og:image" content="https://365-housse.com/wp-content/uploads/2023/06/housse-salon-de-jardin-grise.png" />
	<meta property="og:image:width" content="450" />
	<meta property="og:image:height" content="413" />
	<meta property="og:image:type" content="image/png" />
<meta name="twitter:card" content="summary_large_image" />
<meta name="twitter:label1" content="Tiempo de lectura" />
	<meta name="twitter:data1" content="1 minuto" />
<script type="application/ld+json" class="yoast-schema-graph">{"@context":"https://schema.org","@graph":[{"@type":"WebPage","@id":"https://365-housse.com/es/productos/housse-salon-de-jardin-grise/","url":"https://365-housse.com/es/productos/housse-salon-de-jardin-grise/","name":"Funda para muebles de jardín gris en entrega - gratis Ahorra un 30% en tu pedido","isPartOf":{"@id":"https://365-housse.com/es/#website"},"primaryImageOfPage":{"@id":"https://365-housse.com/es/productos/housse-salon-de-jardin-grise/#primaryimage"},"image":{"@id":"https://365-housse.com/es/productos/housse-salon-de-jardin-grise/#primaryimage"},"thumbnailUrl":"https://365-housse.com/wp-content/uploads/2023/06/housse-salon-de-jardin-grise.png","datePublished":"2023-06-12T08:36:44+00:00","dateModified":"2024-09-17T14:56:53+00:00","description":"Recibe tu Funda para muebles de jardín gris hoy y benefíciate de la entrega - gratuita Envío en 24/48h","breadcrumb":{"@id":"https://365-housse.com/es/productos/housse-salon-de-jardin-grise/#breadcrumb"},"inLanguage":"es","potentialAction":[{"@type":"ReadAction","target":["https://365-housse.com/es/productos/housse-salon-de-jardin-grise/"]}]},{"@type":"ImageObject","inLanguage":"es","@id":"https://365-housse.com/es/productos/housse-salon-de-jardin-grise/#primaryimage","url":"https://365-housse.com/wp-content/uploads/2023/06/housse-salon-de-jardin-grise.png","contentUrl":"https://365-housse.com/wp-content/uploads/2023/06/housse-salon-de-jardin-grise.png","width":450,"height":413},{"@type":"BreadcrumbList","@id":"https://365-housse.com/es/productos/housse-salon-de-jardin-grise/#breadcrumb","itemListElement":[{"@type":"ListItem","position":1,"name":"Accueil","item":"https://365-housse.com/es/"},{"@type":"ListItem","position":2,"name":"Tienda","item":"https://365-housse.com/es/tienda/"},{"@type":"ListItem","position":3,"name":"Funda para muebles de jardín gris"}]},{"@type":"WebSite","@id":"https://365-housse.com/es/#website","url":"https://365-housse.com/es/","name":"Housse de Canapé","description":"Le N°1 de la Housse","publisher":{"@id":"https://365-housse.com/es/#organization"},"potentialAction":[{"@type":"SearchAction","target":{"@type":"EntryPoint","urlTemplate":"https://365-housse.com/es/?s={search_term_string}"},"query-input":{"@type":"PropertyValueSpecification","valueRequired":true,"valueName":"search_term_string"}}],"inLanguage":"es"},{"@type":"Organization","@id":"https://365-housse.com/es/#organization","name":"Housse de Canapé","url":"https://365-housse.com/es/","logo":{"@type":"ImageObject","inLanguage":"es","@id":"https://365-housse.com/es/#/schema/logo/image/","url":"https://365-housse.com/wp-content/uploads/2023/06/LOGO-400-×-200-px-392-x-134-px-16.png","contentUrl":"https://365-housse.com/wp-content/uploads/2023/06/LOGO-400-×-200-px-392-x-134-px-16.png","width":392,"height":134,"caption":"Housse de Canapé"},"image":{"@id":"https://365-housse.com/es/#/schema/logo/image/"}}]}</script>

Funda para muebles de jardín gris en entrega - gratis Ahorra un 30% en tu pedido

Recibe tu Funda para muebles de jardín gris hoy y benefíciate de la entrega - gratuita Envío en 24/48h

Housse de Canapé
