{"id":18756,"date":"2023-06-12T08:34:39","date_gmt":"2023-06-12T08:34:39","guid":{"rendered":"https:\/\/365-housse.com\/products\/housse-moto-noir-et-orange\/"},"modified":"2024-09-17T14:58:44","modified_gmt":"2024-09-17T14:58:44","slug":"housse-moto-noir-et-orange","status":"publish","type":"product","link":"https:\/\/365-housse.com\/es\/productos\/housse-moto-noir-et-orange\/","title":{"rendered":"Funda para moto Negra y Naranja"},"content":{"rendered":"<h2>\u00a1Personaliza el aspecto de tu veh\u00edculo de dos ruedas y prot\u00e9gelo de las inclemencias del tiempo con la <strong>funda para moto negra y naranja<\/strong>! Originalidad y protecci\u00f3n \u00f3ptima garantizadas.<\/h2>\n<h3>Las ventajas de la <strong>funda moto negra y naranja: un look para tu veh\u00edculo de dos ruedas<\/strong>:<\/h3>\n<ul>\n<li>\n<p>Dale un <strong>estilo \u00fanico<\/strong> y <strong>original<\/strong> a tu moto.<\/p>\n<\/li>\n<li>\n<p>Ofrece una <strong>protecci\u00f3n \u00f3ptima<\/strong> contra el desgaste, impactos y rayones.<\/p>\n<\/li>\n<li>\n<p><span>Tela de alta calidad<\/span> para preservar tu motocicleta.<\/p>\n<\/li>\n<li>\n<p><strong>Prolonga la durabilidad<\/strong> de tu motocicleta.<\/p>\n<\/li>\n<\/ul>\n<p><span>Caracter\u00edsticas:<\/span><\/p>\n<ul>\n<li>\n<p><span>Poli\u00e9ster 190T de alta calidad + revestimiento anti-UV e impermeable.<\/span><\/p>\n<\/li>\n<li>\n<p><span><strong>Cord\u00f3n el\u00e1stico<\/strong> delante y detr\u00e1s cosidos en la parte inferior para un <strong>ajuste ce\u00f1ido<\/strong>.<\/span><\/p>\n<\/li>\n<li>\n<p><span>Las costuras est\u00e1n cosidas con hilo de <strong>nylon duradero.<\/strong><\/span><\/p>\n<\/li>\n<li>\n<p><span><strong>Orificios para candados de seguridad:<\/strong> Perfecta para almacenamiento al aire libre, esta cubierta cuenta con 2 orificios para candados para bloquear f\u00e1cilmente su motocicleta usando una cadena o un candado.<\/span><\/ p><\/li>\n<li>\n<p><span>Tama\u00f1o: <strong>Diferentes tama\u00f1os disponibles<\/strong>, para todo tipo de motos (consulta nuestra gu\u00eda de tallas) (Largo x Ancho x Alto).<\/span><\/ p> <\/li>\n<\/ul>\n<p><span><img decoding=\"async\" alt=\"\" src=\"https:\/\/365-housse.com\/wp-content\/uploads\/2023\/06\/guide-des-tailles-housse-moto_480x480.png?v=1634308922 \" \/><\/span><\/p>\n","protected":false},"excerpt":{"rendered":"<p>\u00a1Personaliza el aspecto de tu veh\u00edculo de dos ruedas y prot\u00e9gelo de las inclemencias del tiempo con la funda para moto negra y naranja! Originalidad y protecci\u00f3n \u00f3ptima garantizadas. Las ventajas de la funda moto negra y naranja: un look para tu veh\u00edculo de dos ruedas: Dale un estilo \u00fanico y original a tu moto. [&hellip;]<\/p>\n","protected":false},"featured_media":16645,"comment_status":"open","ping_status":"closed","template":"","meta":[],"product_cat":[158,163],"product_tag":[206],"class_list":{"0":"post-18756","1":"product","2":"type-product","3":"status-publish","4":"has-post-thumbnail","6":"product_cat-cubierta-exterior","7":"product_cat-cubremoto","8":"product_tag-exterieur-es","10":"first","11":"instock","12":"shipping-taxable","13":"purchasable","14":"product-type-variable"},"yoast_head":"<title>Funda para moto Negra y Naranja en entrega - gratis Ahorra un 30% en tu pedido<\/title>\n<meta name=\"description\" content=\"Recibe tu Funda para moto Negra y Naranja hoy y benef\u00edciate de la entrega - gratuita Env\u00edo en 24\/48h\" \/>\n<meta name=\"robots\" content=\"index, follow, max-snippet:-1, max-image-preview:large, max-video-preview:-1\" \/>\n<link rel=\"canonical\" href=\"https:\/\/365-housse.com\/es\/productos\/housse-moto-noir-et-orange\/\" \/>\n<meta property=\"og:locale\" content=\"es_ES\" \/>\n<meta property=\"og:type\" content=\"article\" \/>\n<meta property=\"og:title\" content=\"Funda para moto Negra y Naranja en entrega - gratis Ahorra un 30% en tu pedido\" \/>\n<meta property=\"og:description\" content=\"Recibe tu Funda para moto Negra y Naranja hoy y benef\u00edciate de la entrega - gratuita Env\u00edo en 24\/48h\" \/>\n<meta property=\"og:url\" content=\"https:\/\/365-housse.com\/es\/productos\/housse-moto-noir-et-orange\/\" \/>\n<meta property=\"og:site_name\" content=\"Housse de Canap\u00e9\" \/>\n<meta property=\"article:modified_time\" content=\"2024-09-17T14:58:44+00:00\" \/>\n<meta property=\"og:image\" content=\"https:\/\/365-housse.com\/wp-content\/uploads\/2023\/06\/housse-moto-noir-et-orange.png\" \/>\n\t<meta property=\"og:image:width\" content=\"491\" \/>\n\t<meta property=\"og:image:height\" content=\"508\" \/>\n\t<meta property=\"og:image:type\" content=\"image\/png\" \/>\n<meta name=\"twitter:card\" content=\"summary_large_image\" \/>\n<meta name=\"twitter:label1\" content=\"Tiempo de lectura\" \/>\n\t<meta name=\"twitter:data1\" content=\"1 minuto\" \/>\n<script type=\"application\/ld+json\" class=\"yoast-schema-graph\">{\"@context\":\"https:\/\/schema.org\",\"@graph\":[{\"@type\":\"WebPage\",\"@id\":\"https:\/\/365-housse.com\/es\/productos\/housse-moto-noir-et-orange\/\",\"url\":\"https:\/\/365-housse.com\/es\/productos\/housse-moto-noir-et-orange\/\",\"name\":\"Funda para moto Negra y Naranja en entrega - gratis Ahorra un 30% en tu pedido\",\"isPartOf\":{\"@id\":\"https:\/\/365-housse.com\/es\/#website\"},\"primaryImageOfPage\":{\"@id\":\"https:\/\/365-housse.com\/es\/productos\/housse-moto-noir-et-orange\/#primaryimage\"},\"image\":{\"@id\":\"https:\/\/365-housse.com\/es\/productos\/housse-moto-noir-et-orange\/#primaryimage\"},\"thumbnailUrl\":\"https:\/\/365-housse.com\/wp-content\/uploads\/2023\/06\/housse-moto-noir-et-orange.png\",\"datePublished\":\"2023-06-12T08:34:39+00:00\",\"dateModified\":\"2024-09-17T14:58:44+00:00\",\"description\":\"Recibe tu Funda para moto Negra y Naranja hoy y benef\u00edciate de la entrega - gratuita Env\u00edo en 24\/48h\",\"breadcrumb\":{\"@id\":\"https:\/\/365-housse.com\/es\/productos\/housse-moto-noir-et-orange\/#breadcrumb\"},\"inLanguage\":\"es\",\"potentialAction\":[{\"@type\":\"ReadAction\",\"target\":[\"https:\/\/365-housse.com\/es\/productos\/housse-moto-noir-et-orange\/\"]}]},{\"@type\":\"ImageObject\",\"inLanguage\":\"es\",\"@id\":\"https:\/\/365-housse.com\/es\/productos\/housse-moto-noir-et-orange\/#primaryimage\",\"url\":\"https:\/\/365-housse.com\/wp-content\/uploads\/2023\/06\/housse-moto-noir-et-orange.png\",\"contentUrl\":\"https:\/\/365-housse.com\/wp-content\/uploads\/2023\/06\/housse-moto-noir-et-orange.png\",\"width\":491,\"height\":508},{\"@type\":\"BreadcrumbList\",\"@id\":\"https:\/\/365-housse.com\/es\/productos\/housse-moto-noir-et-orange\/#breadcrumb\",\"itemListElement\":[{\"@type\":\"ListItem\",\"position\":1,\"name\":\"Accueil\",\"item\":\"https:\/\/365-housse.com\/es\/\"},{\"@type\":\"ListItem\",\"position\":2,\"name\":\"Tienda\",\"item\":\"https:\/\/365-housse.com\/es\/tienda\/\"},{\"@type\":\"ListItem\",\"position\":3,\"name\":\"Funda para moto Negra y Naranja\"}]},{\"@type\":\"WebSite\",\"@id\":\"https:\/\/365-housse.com\/es\/#website\",\"url\":\"https:\/\/365-housse.com\/es\/\",\"name\":\"Housse de Canap\u00e9\",\"description\":\"Le N\u00b01 de la Housse\",\"publisher\":{\"@id\":\"https:\/\/365-housse.com\/es\/#organization\"},\"potentialAction\":[{\"@type\":\"SearchAction\",\"target\":{\"@type\":\"EntryPoint\",\"urlTemplate\":\"https:\/\/365-housse.com\/es\/?s={search_term_string}\"},\"query-input\":{\"@type\":\"PropertyValueSpecification\",\"valueRequired\":true,\"valueName\":\"search_term_string\"}}],\"inLanguage\":\"es\"},{\"@type\":\"Organization\",\"@id\":\"https:\/\/365-housse.com\/es\/#organization\",\"name\":\"Housse de Canap\u00e9\",\"url\":\"https:\/\/365-housse.com\/es\/\",\"logo\":{\"@type\":\"ImageObject\",\"inLanguage\":\"es\",\"@id\":\"https:\/\/365-housse.com\/es\/#\/schema\/logo\/image\/\",\"url\":\"https:\/\/365-housse.com\/wp-content\/uploads\/2023\/06\/LOGO-400-\u00d7-200-px-392-x-134-px-16.png\",\"contentUrl\":\"https:\/\/365-housse.com\/wp-content\/uploads\/2023\/06\/LOGO-400-\u00d7-200-px-392-x-134-px-16.png\",\"width\":392,\"height\":134,\"caption\":\"Housse de Canap\u00e9\"},\"image\":{\"@id\":\"https:\/\/365-housse.com\/es\/#\/schema\/logo\/image\/\"}}]}<\/script>","yoast_head_json":{"title":"Funda para moto Negra y Naranja en entrega - gratis Ahorra un 30% en tu pedido","description":"Recibe tu Funda para moto Negra y Naranja hoy y benef\u00edciate de la entrega - gratuita Env\u00edo en 24\/48h","robots":{"index":"index","follow":"follow","max-snippet":"max-snippet:-1","max-image-preview":"max-image-preview:large","max-video-preview":"max-video-preview:-1"},"canonical":"https:\/\/365-housse.com\/es\/productos\/housse-moto-noir-et-orange\/","og_locale":"es_ES","og_type":"article","og_title":"Funda para moto Negra y Naranja en entrega - gratis Ahorra un 30% en tu pedido","og_description":"Recibe tu Funda para moto Negra y Naranja hoy y benef\u00edciate de la entrega - gratuita Env\u00edo en 24\/48h","og_url":"https:\/\/365-housse.com\/es\/productos\/housse-moto-noir-et-orange\/","og_site_name":"Housse de Canap\u00e9","article_modified_time":"2024-09-17T14:58:44+00:00","og_image":[{"width":491,"height":508,"url":"https:\/\/365-housse.com\/wp-content\/uploads\/2023\/06\/housse-moto-noir-et-orange.png","type":"image\/png"}],"twitter_card":"summary_large_image","twitter_misc":{"Tiempo de lectura":"1 minuto"},"schema":{"@context":"https:\/\/schema.org","@graph":[{"@type":"WebPage","@id":"https:\/\/365-housse.com\/es\/productos\/housse-moto-noir-et-orange\/","url":"https:\/\/365-housse.com\/es\/productos\/housse-moto-noir-et-orange\/","name":"Funda para moto Negra y Naranja en entrega - gratis Ahorra un 30% en tu pedido","isPartOf":{"@id":"https:\/\/365-housse.com\/es\/#website"},"primaryImageOfPage":{"@id":"https:\/\/365-housse.com\/es\/productos\/housse-moto-noir-et-orange\/#primaryimage"},"image":{"@id":"https:\/\/365-housse.com\/es\/productos\/housse-moto-noir-et-orange\/#primaryimage"},"thumbnailUrl":"https:\/\/365-housse.com\/wp-content\/uploads\/2023\/06\/housse-moto-noir-et-orange.png","datePublished":"2023-06-12T08:34:39+00:00","dateModified":"2024-09-17T14:58:44+00:00","description":"Recibe tu Funda para moto Negra y Naranja hoy y benef\u00edciate de la entrega - gratuita Env\u00edo en 24\/48h","breadcrumb":{"@id":"https:\/\/365-housse.com\/es\/productos\/housse-moto-noir-et-orange\/#breadcrumb"},"inLanguage":"es","potentialAction":[{"@type":"ReadAction","target":["https:\/\/365-housse.com\/es\/productos\/housse-moto-noir-et-orange\/"]}]},{"@type":"ImageObject","inLanguage":"es","@id":"https:\/\/365-housse.com\/es\/productos\/housse-moto-noir-et-orange\/#primaryimage","url":"https:\/\/365-housse.com\/wp-content\/uploads\/2023\/06\/housse-moto-noir-et-orange.png","contentUrl":"https:\/\/365-housse.com\/wp-content\/uploads\/2023\/06\/housse-moto-noir-et-orange.png","width":491,"height":508},{"@type":"BreadcrumbList","@id":"https:\/\/365-housse.com\/es\/productos\/housse-moto-noir-et-orange\/#breadcrumb","itemListElement":[{"@type":"ListItem","position":1,"name":"Accueil","item":"https:\/\/365-housse.com\/es\/"},{"@type":"ListItem","position":2,"name":"Tienda","item":"https:\/\/365-housse.com\/es\/tienda\/"},{"@type":"ListItem","position":3,"name":"Funda para moto Negra y Naranja"}]},{"@type":"WebSite","@id":"https:\/\/365-housse.com\/es\/#website","url":"https:\/\/365-housse.com\/es\/","name":"Housse de Canap\u00e9","description":"Le N\u00b01 de la Housse","publisher":{"@id":"https:\/\/365-housse.com\/es\/#organization"},"potentialAction":[{"@type":"SearchAction","target":{"@type":"EntryPoint","urlTemplate":"https:\/\/365-housse.com\/es\/?s={search_term_string}"},"query-input":{"@type":"PropertyValueSpecification","valueRequired":true,"valueName":"search_term_string"}}],"inLanguage":"es"},{"@type":"Organization","@id":"https:\/\/365-housse.com\/es\/#organization","name":"Housse de Canap\u00e9","url":"https:\/\/365-housse.com\/es\/","logo":{"@type":"ImageObject","inLanguage":"es","@id":"https:\/\/365-housse.com\/es\/#\/schema\/logo\/image\/","url":"https:\/\/365-housse.com\/wp-content\/uploads\/2023\/06\/LOGO-400-\u00d7-200-px-392-x-134-px-16.png","contentUrl":"https:\/\/365-housse.com\/wp-content\/uploads\/2023\/06\/LOGO-400-\u00d7-200-px-392-x-134-px-16.png","width":392,"height":134,"caption":"Housse de Canap\u00e9"},"image":{"@id":"https:\/\/365-housse.com\/es\/#\/schema\/logo\/image\/"}}]}},"_links":{"self":[{"href":"https:\/\/365-housse.com\/es\/wp-json\/wp\/v2\/product\/18756"}],"collection":[{"href":"https:\/\/365-housse.com\/es\/wp-json\/wp\/v2\/product"}],"about":[{"href":"https:\/\/365-housse.com\/es\/wp-json\/wp\/v2\/types\/product"}],"replies":[{"embeddable":true,"href":"https:\/\/365-housse.com\/es\/wp-json\/wp\/v2\/comments?post=18756"}],"wp:featuredmedia":[{"embeddable":true,"href":"https:\/\/365-housse.com\/es\/wp-json\/wp\/v2\/media\/16645"}],"wp:attachment":[{"href":"https:\/\/365-housse.com\/es\/wp-json\/wp\/v2\/media?parent=18756"}],"wp:term":[{"taxonomy":"product_cat","embeddable":true,"href":"https:\/\/365-housse.com\/es\/wp-json\/wp\/v2\/product_cat?post=18756"},{"taxonomy":"product_tag","embeddable":true,"href":"https:\/\/365-housse.com\/es\/wp-json\/wp\/v2\/product_tag?post=18756"}],"curies":[{"name":"wp","href":"https:\/\/api.w.org\/{rel}","templated":true}]}}

<h2>¡Personaliza el aspecto de tu vehículo de dos ruedas y protégelo de las inclemencias del tiempo con la <strong>funda para moto negra y naranja</strong>! Originalidad y protección óptima garantizadas.</h2>
<h3>Las ventajas de la <strong>funda moto negra y naranja: un look para tu vehículo de dos ruedas</strong>:</h3>
<ul>
<li>
<p>Dale un <strong>estilo único</strong> y <strong>original</strong> a tu moto.</p>
</li>
<li>
<p>Ofrece una <strong>protección óptima</strong> contra el desgaste, impactos y rayones.</p>
</li>
<li>
<p><span>Tela de alta calidad</span> para preservar tu motocicleta.</p>
</li>
<li>
<p><strong>Prolonga la durabilidad</strong> de tu motocicleta.</p>
</li>
</ul>
<p><span>Características:</span></p>
<ul>
<li>
<p><span>Poliéster 190T de alta calidad + revestimiento anti-UV e impermeable.</span></p>
</li>
<li>
<p><span><strong>Cordón elástico</strong> delante y detrás cosidos en la parte inferior para un <strong>ajuste ceñido</strong>.</span></p>
</li>
<li>
<p><span>Las costuras están cosidas con hilo de <strong>nylon duradero.</strong></span></p>
</li>
<li>
<p><span><strong>Orificios para candados de seguridad:</strong> Perfecta para almacenamiento al aire libre, esta cubierta cuenta con 2 orificios para candados para bloquear fácilmente su motocicleta usando una cadena o un candado.</span></ p></li>
<li>
<p><span>Tamaño: <strong>Diferentes tamaños disponibles</strong>, para todo tipo de motos (consulta nuestra guía de tallas) (Largo x Ancho x Alto).</span></ p> </li>
</ul>
<p><span><img decoding="async" alt="" src="https://365-housse.com/wp-content/uploads/2023/06/guide-des-tailles-housse-moto_480x480.png?v=1634308922 " /></span></p>

<p>¡Personaliza el aspecto de tu vehículo de dos ruedas y protégelo de las inclemencias del tiempo con la funda para moto negra y naranja! Originalidad y protección óptima garantizadas. Las ventajas de la funda moto negra y naranja: un look para tu vehículo de dos ruedas: Dale un estilo único y original a tu moto. [&hellip;]</p>

<title>Funda para moto Negra y Naranja en entrega - gratis Ahorra un 30% en tu pedido</title>
<meta name="description" content="Recibe tu Funda para moto Negra y Naranja hoy y benefíciate de la entrega - gratuita Envío en 24/48h" />
<meta name="robots" content="index, follow, max-snippet:-1, max-image-preview:large, max-video-preview:-1" />
<link rel="canonical" href="https://365-housse.com/es/productos/housse-moto-noir-et-orange/" />
<meta property="og:locale" content="es_ES" />
<meta property="og:type" content="article" />
<meta property="og:title" content="Funda para moto Negra y Naranja en entrega - gratis Ahorra un 30% en tu pedido" />
<meta property="og:description" content="Recibe tu Funda para moto Negra y Naranja hoy y benefíciate de la entrega - gratuita Envío en 24/48h" />
<meta property="og:url" content="https://365-housse.com/es/productos/housse-moto-noir-et-orange/" />
<meta property="og:site_name" content="Housse de Canapé" />
<meta property="article:modified_time" content="2024-09-17T14:58:44+00:00" />
<meta property="og:image" content="https://365-housse.com/wp-content/uploads/2023/06/housse-moto-noir-et-orange.png" />
	<meta property="og:image:width" content="491" />
	<meta property="og:image:height" content="508" />
	<meta property="og:image:type" content="image/png" />
<meta name="twitter:card" content="summary_large_image" />
<meta name="twitter:label1" content="Tiempo de lectura" />
	<meta name="twitter:data1" content="1 minuto" />
<script type="application/ld+json" class="yoast-schema-graph">{"@context":"https://schema.org","@graph":[{"@type":"WebPage","@id":"https://365-housse.com/es/productos/housse-moto-noir-et-orange/","url":"https://365-housse.com/es/productos/housse-moto-noir-et-orange/","name":"Funda para moto Negra y Naranja en entrega - gratis Ahorra un 30% en tu pedido","isPartOf":{"@id":"https://365-housse.com/es/#website"},"primaryImageOfPage":{"@id":"https://365-housse.com/es/productos/housse-moto-noir-et-orange/#primaryimage"},"image":{"@id":"https://365-housse.com/es/productos/housse-moto-noir-et-orange/#primaryimage"},"thumbnailUrl":"https://365-housse.com/wp-content/uploads/2023/06/housse-moto-noir-et-orange.png","datePublished":"2023-06-12T08:34:39+00:00","dateModified":"2024-09-17T14:58:44+00:00","description":"Recibe tu Funda para moto Negra y Naranja hoy y benefíciate de la entrega - gratuita Envío en 24/48h","breadcrumb":{"@id":"https://365-housse.com/es/productos/housse-moto-noir-et-orange/#breadcrumb"},"inLanguage":"es","potentialAction":[{"@type":"ReadAction","target":["https://365-housse.com/es/productos/housse-moto-noir-et-orange/"]}]},{"@type":"ImageObject","inLanguage":"es","@id":"https://365-housse.com/es/productos/housse-moto-noir-et-orange/#primaryimage","url":"https://365-housse.com/wp-content/uploads/2023/06/housse-moto-noir-et-orange.png","contentUrl":"https://365-housse.com/wp-content/uploads/2023/06/housse-moto-noir-et-orange.png","width":491,"height":508},{"@type":"BreadcrumbList","@id":"https://365-housse.com/es/productos/housse-moto-noir-et-orange/#breadcrumb","itemListElement":[{"@type":"ListItem","position":1,"name":"Accueil","item":"https://365-housse.com/es/"},{"@type":"ListItem","position":2,"name":"Tienda","item":"https://365-housse.com/es/tienda/"},{"@type":"ListItem","position":3,"name":"Funda para moto Negra y Naranja"}]},{"@type":"WebSite","@id":"https://365-housse.com/es/#website","url":"https://365-housse.com/es/","name":"Housse de Canapé","description":"Le N°1 de la Housse","publisher":{"@id":"https://365-housse.com/es/#organization"},"potentialAction":[{"@type":"SearchAction","target":{"@type":"EntryPoint","urlTemplate":"https://365-housse.com/es/?s={search_term_string}"},"query-input":{"@type":"PropertyValueSpecification","valueRequired":true,"valueName":"search_term_string"}}],"inLanguage":"es"},{"@type":"Organization","@id":"https://365-housse.com/es/#organization","name":"Housse de Canapé","url":"https://365-housse.com/es/","logo":{"@type":"ImageObject","inLanguage":"es","@id":"https://365-housse.com/es/#/schema/logo/image/","url":"https://365-housse.com/wp-content/uploads/2023/06/LOGO-400-×-200-px-392-x-134-px-16.png","contentUrl":"https://365-housse.com/wp-content/uploads/2023/06/LOGO-400-×-200-px-392-x-134-px-16.png","width":392,"height":134,"caption":"Housse de Canapé"},"image":{"@id":"https://365-housse.com/es/#/schema/logo/image/"}}]}</script>

Recibe tu Funda para moto Negra y Naranja hoy y benefíciate de la entrega - gratuita Envío en 24/48h

Housse de Canapé
